
213
What is the highest common factor of 1869 and 37406700?
267
Calculate the greatest common divisor of 6759156 and 96.
12
What is the greatest common divisor of 4448968 and 26792?
136
Calculate the highest common factor of 16350 and 18750.
150
What is the greatest common factor of 303 and 12074651?
101
Calculate the highest common factor of 31011 and 10236.
3
What is the greatest common divisor of 187464 and 104244?
876
Calculate the highest common divisor of 18 and 261462.
6
What is the highest common divisor of 825552 and 41834?
26
What is the greatest common divisor of 16144237 and 5007?
1669
What is the greatest common factor of 1656 and 648922?
46
What is the highest common factor of 273 and 11362767?
39
Calculate the highest common divisor of 102 and 25430826.
6
What is the highest common factor of 16574 and 2987?
1
What is the highest common factor of 143901 and 35577?
531
What is the greatest common factor of 179607694 and 1414?
1414
What is the greatest common divisor of 1460168 and 3754013?
4933
Calculate the greatest common divisor of 19571650 and 1124.
562
Calculate the greatest common divisor of 60425499 and 7788.
177
Calculate the highest common divisor of 5265 and 130768560.
1755
What is the highest common divisor of 61531 and 75287336?
1663
Calculate the highest common divisor of 40 and 53475450.
10
Calculate the greatest common divisor of 25912 and 31529.
41
What is the highest common divisor of 1769599 and 18250953?
10471
What is the greatest common divisor of 486 and 334341513?
243
Calculate the greatest common factor of 6660 and 1865355.
555
What is the greatest common factor of 15 and 120644315?
5
What is the highest common divisor of 7589633 and 30668?
697
Calculate the greatest common divisor of 2289554100 and 600.
300
What is the highest common divisor of 251742 and 1992?
6
Calculate the greatest common divisor of 28 and 185760554.
14
Calculate the highest common divisor of 2285345 and 70.
5
What is the greatest common factor of 54096615 and 45?
45
What is the greatest common divisor of 4475 and 464366275?
4475
What is the highest common factor of 16547141 and 988?
13
What is the highest common divisor of 25594617 and 981?
327
What is the greatest common factor of 159796 and 299?
13
What is the greatest common factor of 99 and 247888773?
99
Calculate the greatest common factor of 49363440 and 7440.
240
What is the greatest common factor of 76388 and 281892?
676
Calculate the highest common factor of 510847497 and 9.
9
Calculate the greatest common divisor of 1827 and 6881497.
203
Calculate the greatest common divisor of 7017586 and 2.
2
Calculate the highest common factor of 250424 and 12328.
184
Calculate the highest common divisor of 992100 and 7500.
300
Calculate the greatest common divisor of 4525499 and 99.
11
Calculate the highest common divisor of 62553928 and 38.
38
Calculate the greatest common factor of 727926 and 2454.
6
Calculate the greatest common factor of 611 and 155399437.
47
What is the highest common divisor of 2125557 and 882?
63
What is the greatest common divisor of 594 and 33864732?
198
Calculate the greatest common divisor of 714210 and 7080.
30
What is the highest common factor of 443040 and 1214850?
390
What is the highest common divisor of 177 and 1247373?
3
Calculate the highest common divisor of 820 and 30695306.
82
Calculate the highest common factor of 329 and 2976557.
47
Calculate the greatest common factor of 88543248 and 71.
71
What is the greatest common factor of 438444 and 8?
4
What is the highest common divisor of 456 and 3160400?
8
What is the highest common divisor of 2470 and 1755410?
190
What is the greatest common divisor of 1744 and 8862572?
436
What is the highest common divisor of 44 and 50824499?
11
What is the highest common factor of 90178598 and 114?
38
What is the greatest common factor of 415 and 7694681?
83
What is the highest common factor of 1468 and 20351251?
367
Calculate the greatest common divisor of 333000 and 44622.
666
What is the highest common factor of 163746924 and 6732?
2244
Calculate the highest common divisor of 901135539 and 9.
9
What is the highest common factor of 6396 and 68816163?
1599
What is the greatest common divisor of 266388702 and 19?
19
Calculate the greatest common factor of 281367 and 120761.
613
Calculate the greatest common factor of 5807606 and 1062.
118
Calculate the greatest common factor of 1229 and 172109160.
1229
Calculate the greatest common factor of 6709340 and 30470.
110
Calculate the greatest common factor of 2973659 and 26.
13
What is the highest common divisor of 78895 and 38523665?
2545
What is the greatest common factor of 46848 and 1548424?
488
What is the highest common factor of 6279896 and 20320?
1016
Calculate the highest common divisor of 6866116 and 20.
4
Calculate the highest common factor of 388395 and 5554665.
6165
What is the greatest common factor of 168038360 and 1260?
140
Calculate the highest common factor of 124657131 and 27.
3
What is the greatest common divisor of 18372991 and 637?
637
What is the highest common divisor of 220 and 3635390?
110
What is the highest common factor of 81360 and 3183888?
5424
What is the greatest common factor of 95 and 302136309?
19
Calculate the highest common factor of 456 and 2948800.
152
What is the greatest common divisor of 20580 and 10820?
20
What is the highest common factor of 5292 and 19884396?
588
What is the highest common factor of 170973 and 1697509?
121
What is the greatest common divisor of 30 and 176399328?
6
What is the greatest common factor of 1992 and 64975637?
83
What is the greatest common divisor of 3855 and 6134333?
257
Calculate the greatest common factor of 9 and 431368299.
9
Calculate the greatest common divisor of 12 and 97229580.
12
Calculate the greatest common divisor of 36515 and 754420.
335
What is the highest common factor of 289 and 24994318?
17
Calculate the highest common factor of 59303416 and 8592.
1432
What is the highest common divisor of 98455 and 160167?
203
Calculate the greatest common divisor of 112992177 and 3.
3
Calculate the greatest common factor of 318756240 and 24.
24
Calculate the highest common factor of 132 and 8880608.
44
What is the highest common divisor of 657864580 and 9059?
9059
Calculate the highest common factor of 37522848 and 836.
44
What is the greatest common divisor of 183255988 and 73?
73
What is the highest common divisor of 523464683 and 35?
7
What is the greatest common divisor of 59 and 1269468957?
59
Calculate the greatest common divisor of 301303042 and 2554.
2554
Calculate the greatest common divisor of 22 and 391845751.
11
What is the highest common divisor of 462 and 56136066?
42
Calculate the highest common divisor of 6888954 and 21568.
674
What is the highest common factor of 60 and 143631000?
60
Calculate the greatest common divisor of 126 and 13099362.
6
What is the highest common divisor of 8487 and 79208228?
943
Calculate the greatest common factor of 1998437 and 15407.
497
What is the highest common divisor of 429 and 95723628?
429
What is the highest common factor of 49762 and 2008738?
358
What is the highest common divisor of 1125252 and 174?
6
Calculate the highest common divisor of 6954 and 8126661.
57
Calculate the highest common factor of 5974 and 2779853.
29
What is the greatest common divisor of 22671 and 433191?
33
What is the highest common factor of 3712 and 11016752?
464
What is the greatest common divisor of 455985 and 12195?
45
What is the greatest common factor of 479874676 and 4516?
4516
Calculate the highest common divisor of 1156 and 6028948.
68
What is the greatest common divisor of 555 and 913919795?
185
Calculate the highest common factor of 547689113 and 211.
211
What is the greatest common factor of 1144458 and 25389?
1953
What is the greatest common factor of 2670 and 449646?
6
Calculate the highest common factor of 1155 and 16262015.
385
What is the highest common factor of 5265 and 148408767?
1053
What is the greatest common factor of 5 and 81376865?
5
What is the highest common factor of 277059042 and 5388?
2694
What is the highest common divisor of 114 and 49434846?
114
What is the highest common factor of 22113498 and 3366?
1122
Calculate the highest com